{"id":3591,"date":"2018-06-04T15:26:17","date_gmt":"2018-06-04T14:26:17","guid":{"rendered":"http:\/\/www.calunenie-eddyart.sk\/?page_id=3591"},"modified":"2018-06-04T15:26:27","modified_gmt":"2018-06-04T14:26:27","slug":"osobne-udaje","status":"publish","type":"page","link":"https:\/\/www.calunenie-eddyart.sk\/?page_id=3591","title":{"rendered":"osobn\u00e9 \u00fadaje"},"content":{"rendered":"<p>[et_pb_section bb_built=&#8220;1&#8243;][et_pb_row][et_pb_column type=&#8220;4_4&#8243;][et_pb_blurb _builder_version=&#8220;3.5.1&#8243; title=&#8220;Ochrana osobn\u00fdh \u00fadajov&#8220;]<\/p>\n<p><b>Podmienky ochrany osobn\u00fdch \u00fadajov<span class=\"Apple-converted-space\">\u00a0<\/span><\/b><\/p>\n<p>V pr\u00edpade spracovania osobn\u00fdch \u00fadajov, ktor\u00e9 je zalo\u017een\u00e9 na s\u00fahlase dotknut\u00fdch os\u00f4b pre \u00fa\u010dely zasielania obchodn\u00fdch ozn\u00e1men\u00ed a na \u00fa\u010dely in\u00fdch aktiv\u00edt priameho marketingu internetov\u00e9ho obchodn\u00edka.<\/p>\n<p>Ochrana osobn\u00fdch \u00fadajov<\/p>\n<p>Osobn\u00fdmi \u00fadajmi sa rozumej\u00fa v\u0161etky inform\u00e1cie o identifikovanej alebo identifikovate\u013enej fyzickej osobe; identifikovate\u013enou fyzickou osobou je fyzick\u00e1 osoba, ktor\u00fa mo\u017eno priamo \u010di nepriamo identifikova\u0165, najm\u00e4 odkazom na ur\u010dit\u00fd identifik\u00e1tor, napr\u00edklad meno, identifika\u010dn\u00e9 \u010d\u00edslo, lokaliza\u010dn\u00e9 \u00fadaje, sie\u0165ov\u00fd identifik\u00e1tor alebo odkazom na jeden \u010di viac zvl\u00e1\u0161tnych prvkov fyzickej, fyziologickej, genetickej, psychickej, ekonomickej, kult\u00farnej alebo spolo\u010denskej identity tejto fyzickej osoby.<\/p>\n<ol>\n<li><b><\/b><b>TOTO\u017dNOS\u0164 A KONTAKTN\u00c9 \u00daDAJE SPR\u00c1VCA<br \/>\n<\/b><\/p>\n<ol>\n<li>Spr\u00e1vcom Va\u0161ich osobn\u00fdch \u00fadajov je spolo\u010dnos\u0165 EDDYART, s.r.o. (\u010falej len &#8222;spr\u00e1vca&#8220;).<\/li>\n<li>Kontaktn\u00e9 \u00fadaje spr\u00e1vcu s\u00fa nasleduj\u00face:<\/li>\n<\/ol>\n<\/li>\n<\/ol>\n<p><span class=\"Apple-converted-space\">\u00a0 \u00a0 \u00a0 \u00a0 \u00a0 \u00a0 \u00a0 \u00a0 \u00a0 \u00a0 \u00a0 \u00a0 <\/span>S\u00eddlo: Na Karasiny 250\/61, 971 01 Prievidza, Slovensk\u00e1 Republika<\/p>\n<p>I\u010cO: 50 335 987<\/p>\n<p>tel.: +421 915 282 180<\/p>\n<p>e-mail: staniela.j@gmail.com<\/p>\n<ol>\n<li style=\"list-style-type: none;\">\n<ol start=\"3\">\n<li>Spr\u00e1vca nemenoval poverenca pre ochranu osobn\u00fdch \u00fadajov<\/li>\n<\/ol>\n<\/li>\n<\/ol>\n<ol start=\"2\">\n<li><b>Z\u00c1KONN\u00dd D\u00d4VOD SPRACOVANIA OSOBN\u00ddCH \u00daDAJOV<br \/>\n<\/b><\/p>\n<ol>\n<li>Z\u00e1konn\u00fdm d\u00f4vodom spracovanie Va\u0161ich osobn\u00fdch \u00fadajov je V\u00e1\u0161 s\u00fahlas d\u00e1van\u00fd t\u00fdmto spr\u00e1vcovi v zmysle \u010dl. 6 ods. 1 p\u00edsm. a) Nariadenie Eur\u00f3pskeho parlamentu a Rady 2016\/679 o ochrane fyzick\u00fdch os\u00f4b pri spracovan\u00ed osobn\u00fdch \u00fadajov a o vo\u013enom pohybe t\u00fdchto \u00fadajov a o zru\u0161en\u00ed smernice 95\/46\/ES (v\u0161eobecn\u00e9 nariadenie o ochrane osobn\u00fdch \u00fadajov) (\u010falej len \u201cnariadenie\u201d).<\/li>\n<\/ol>\n<\/li>\n<\/ol>\n<p><span class=\"Apple-converted-space\">\u00a0 \u00a0 <\/span>2.2.<\/p>\n<p>Z\u00e1konn\u00fdm d\u00f4vodom spracovania osobn\u00fdch \u00fadajov je:<span class=\"Apple-converted-space\">\u00a0<\/span><\/p>\n<ul>\n<li>plnenie zmluvy medzi Vami a\u00a0prev\u00e1dzkovate\u013eom pod\u013ea \u00a7 13 ods. 1 p\u00edsm. b) Z\u00e1kona,<\/li>\n<li>opr\u00e1vnen\u00fd z\u00e1ujem prev\u00e1dzkovate\u013ea na poskytovan\u00ed priameho marketingu (najm\u00e4 pre zasielanie obchodn\u00fdch oznamov a newsletterov) pod\u013ea \u00a7 13 ods. 1 p\u00edsm. f) Z\u00e1kona,<\/li>\n<li>V\u00e1\u0161 s\u00fahlas so spracovan\u00edm pre \u00fa\u010dely poskytovania priameho marketingu (najm\u00e4 pre zasielanie obchodn\u00fdch oznamov a newsletterov) pod\u013ea \u00a7 13 ods. 1 p\u00edsm. a) Z\u00e1kona v\u00a0pr\u00edpade, \u017ee nedo\u0161lo k\u00a0objedn\u00e1vke tovaru alebo slu\u017eby.<\/li>\n<\/ul>\n<ol start=\"3\">\n<li><b>\u00da\u010cEL SPRACOVANIA OSOBN\u00ddCH \u00daDAJOV<\/b><\/li>\n<\/ol>\n<ol>\n<li style=\"list-style-type: none;\">\n<ol>\n<li>Vybavenie Va\u0161ej objedn\u00e1vky a v\u00fdkon pr\u00e1v a povinnost\u00ed vypl\u00fdvaj\u00facich zo zmluvn\u00e9ho vz\u0165ahu medzi Vami a spr\u00e1vcom; pri objedn\u00e1vke s\u00fa vy\u017eadovan\u00e9 osobn\u00e9 \u00fadaje, ktor\u00e9 s\u00fa nutn\u00e9 pre \u00faspe\u0161n\u00e9 vybavenie objedn\u00e1vky (meno a adresa, kontakt), poskytnutie osobn\u00fdch \u00fadajov je nutnou po\u017eiadavkou pre uzavretie a plnenie zmluvy, bez poskytnutia osobn\u00fdch \u00fadajov nie je mo\u017en\u00e9 zmluvu uzavrie\u0165 \u010di ju zo strany prev\u00e1dzkovate\u013ea plni\u0165,<\/li>\n<\/ol>\n<\/li>\n<\/ol>\n<ol start=\"3\">\n<li style=\"list-style-type: none;\">\n<ol start=\"2\">\n<li>\u00da\u010delom spracovania Va\u0161ich osobn\u00fdch \u00fadajov je zasielanie da\u0148ov\u00fdch dokladov za pren\u00e1jom syst\u00e9mu, obchodn\u00fdch ozn\u00e1men\u00ed a \u010dinenia in\u00fdch marketingov\u00fdch aktiv\u00edt spr\u00e1vcom vo\u010di Va\u0161ej osobe.<\/li>\n<li>Zo strany spr\u00e1vcu nedoch\u00e1dza k automatick\u00e9mu individu\u00e1lnemu rozhodovaniu v zmysle \u010dl. 22 nariadenia.<\/li>\n<\/ol>\n<\/li>\n<\/ol>\n<ol start=\"4\">\n<li><b>DOBA ULO\u017dENIE OSOBN\u00ddCH \u00daDAJOV<\/b><\/li>\n<\/ol>\n<ol>\n<li style=\"list-style-type: none;\">\n<ol>\n<li>Doba, po ktor\u00fa bud\u00fa Va\u0161e osobn\u00e9 \u00fadaje spr\u00e1vcom ulo\u017een\u00e9, s\u00fa 3 roky, najdlh\u0161ie v\u0161ak do odvolania V\u00e1\u0161ho s\u00fahlasu so spracovan\u00edm osobn\u00fdch \u00fadajov (na tento \u00fa\u010del spracovania).<\/li>\n<li>Po uplynut\u00ed doby uchov\u00e1vania osobn\u00fdch \u00fadajov spr\u00e1vca osobn\u00e9 \u00fadaje vyma\u017ee.<\/li>\n<\/ol>\n<\/li>\n<\/ol>\n<ol start=\"5\">\n<li><b>\u010eAL\u0160\u00cd PR\u00cdJEMCOVIA OSOBN\u00ddCH \u00daDAJOV<\/b><\/li>\n<\/ol>\n<ol>\n<li style=\"list-style-type: none;\">\n<ol>\n<li>\u010eal\u0161\u00edmi pr\u00edjemcami Va\u0161ich osobn\u00fdch \u00fadajov bud\u00fa firmy WebHouse, s.r.o. (prev\u00e1dzkovate\u013e webov\u00fdch str\u00e1nok syst\u00e9mu WebHouse a prev\u00e1dzkovate\u013e serverov), Rozhodcovsk\u00fd s\u00fad Prievidza, s.r.o. (\u00fa\u010dtovn\u00edctvo a da\u0148ov\u00e9 doklady)<\/li>\n<\/ol>\n<\/li>\n<\/ol>\n<ol start=\"6\">\n<li><b>PR\u00c1VA SUBJEKTU \u00daDAJOV<\/b><\/li>\n<\/ol>\n<ol>\n<li style=\"list-style-type: none;\">\n<ol>\n<li>Za podmienok stanoven\u00fdch v nariaden\u00ed m\u00e1te pr\u00e1vo po\u017eadova\u0165 od spr\u00e1vcu pr\u00edstup k Va\u0161im osobn\u00fdm \u00fadajom, pr\u00e1vo na opravu alebo vymazanie Va\u0161ich osobn\u00fdch \u00fadajov, pr\u00edpadne obmedzenie ich spracovanie, pr\u00e1vo namieta\u0165 proti spracovaniu Va\u0161ich osobn\u00fdch \u00fadajov, a \u010falej pr\u00e1vo na prenosnos\u0165 Va\u0161ich osobn\u00fdch \u00fadajov.<\/li>\n<\/ol>\n<\/li>\n<\/ol>\n<ol start=\"6\">\n<li style=\"list-style-type: none;\">\n<ol start=\"2\">\n<li>M\u00e1te pr\u00e1vo kedyko\u013evek odvola\u0165 s\u00fahlas so spracovan\u00edm Va\u0161ich osobn\u00fdch \u00fadajov dan\u00fd spr\u00e1vcovi. T\u00fdmto v\u0161ak nie je dotknut\u00e1 z\u00e1konnos\u0165 spracovania Va\u0161ich osobn\u00fdch \u00fadajov pred tak\u00fdmto odvolan\u00edm s\u00fahlasu. V\u00e1\u0161 s\u00fahlas so spracovan\u00edm osobn\u00fdch \u00fadajov m\u00f4\u017eete odvola\u0165 na <span class=\"Apple-converted-space\">\u00a0 \u00a0 \u00a0 \u00a0 \u00a0 \u00a0 \u00a0 \u00a0 \u00a0 \u00a0 \u00a0 \u00a0 \u00a0 \u00a0 \u00a0 \u00a0 \u00a0 \u00a0 \u00a0 <\/span>email: staniela.j@gmail.com<\/li>\n<\/ol>\n<\/li>\n<\/ol>\n<ol start=\"6\">\n<li style=\"list-style-type: none;\">\n<ol start=\"3\">\n<li>Ak by ste sa domnieval(a), \u017ee spracovan\u00edm Va\u0161ich osobn\u00fdch \u00fadajov bolo poru\u0161en\u00e9 alebo je poru\u0161ovan\u00e9 nariadenie, m\u00e1te okrem in\u00e9ho pr\u00e1vo poda\u0165 s\u0165a\u017enos\u0165 u \u00daradu pre ochranu osobn\u00fdch \u00fadajov.<\/li>\n<\/ol>\n<\/li>\n<\/ol>\n<ol start=\"6\">\n<li style=\"list-style-type: none;\">\n<ol start=\"4\">\n<li>Nem\u00e1te povinnos\u0165 osobn\u00e9 \u00fadaje poskytn\u00fa\u0165. Poskytnutie Va\u0161ich osobn\u00fdch \u00fadajov nie je z\u00e1konnou \u010di zmluvnou po\u017eiadavkou a ani nie je po\u017eiadavkou, ktor\u00e1 je nutn\u00e1 k uzatvoreniu zmluvy.<\/li>\n<\/ol>\n<\/li>\n<\/ol>\n<p><span class=\"Apple-converted-space\">\u00a0\u00a0 \u00a0 <\/span>7. <b>PODMIENKY ZABEZPE\u010cENIA OSOBN\u00ddCH \u00daDAJOV<\/b><\/p>\n<p><b> <span class=\"Apple-converted-space\">\u00a0 \u00a0 <\/span><\/b>7.1.<span class=\"Apple-converted-space\">\u00a0 <\/span>Spr\u00e1vca prehlasuje, \u017ee prijal v\u0161etky vhodn\u00e9 technick\u00e9 a organiza\u010dn\u00e9 opatrenia k\u00a0zabezpe\u010deniu osobn\u00fdch \u00fadajov<\/p>\n<p><span class=\"Apple-converted-space\">\u00a0 \u00a0 <\/span>7.2.<span class=\"Apple-converted-space\">\u00a0 <\/span>Spr\u00e1vca prijal technick\u00e9 opatrenie k\u00a0zabezpe\u010deniu d\u00e1tov\u00fdch \u00falo\u017e\u00edsk a \u00falo\u017e\u00edsk osobn\u00fdch \u00fadajov v\u00a0listinnej podobe, najm\u00e4 Heslami a Antiv\u00edrov\u00fdm programom<\/p>\n<p><span class=\"Apple-converted-space\">\u00a0 \u00a0 <\/span>7.3. Spr\u00e1vca prehlasuje, \u017ee k\u00a0osobn\u00fdm \u00fadajom maj\u00fa pr\u00edstup len n\u00edm<span class=\"Apple-converted-space\">\u00a0 \u00a0 \u00a0 \u00a0 \u00a0 \u00a0 <\/span>poveren\u00e9 osoby<span class=\"Apple-converted-space\">\u00a0<\/span><\/p>\n<p><span class=\"Apple-converted-space\">\u00a0\u00a0 \u00a0 \u00a0<\/span><\/p>\n<p><span class=\"Apple-converted-space\">\u00a0 \u00a0 \u00a0 <\/span>8. <span class=\"Apple-converted-space\">\u00a0 <\/span><b>Z\u00c1VERE\u010cN\u00c9 USTANOVENIA<\/b><\/p>\n<p><b> <span class=\"Apple-converted-space\">\u00a0 \u00a0 <\/span><\/b>8.1.<span class=\"Apple-converted-space\">\u00a0 <\/span>Odoslan\u00edm objedn\u00e1vky z internetov\u00e9ho objedn\u00e1vkov\u00e9ho formul\u00e1ra potvrdzujete, \u017ee ste obozn\u00e1men\u00fd\/\u00e1 s podmienkami ochrany osobn\u00fdch \u00fadajov a \u017ee ich v celom rozsahu prij\u00edmate<\/p>\n<p><span class=\"Apple-converted-space\">\u00a0 \u00a0 <\/span>8.2.<span class=\"Apple-converted-space\">\u00a0 <\/span>S\u00a0t\u00fdmito podmienkami s\u00fahlas\u00edte za\u0161krtnut\u00edm s\u00fahlasu prostredn\u00edctvom internetov\u00e9ho formul\u00e1ra. Za\u0161krtnut\u00edm s\u00fahlasu potvrdzujete, \u017ee ste obozn\u00e1men\u00fd\/obozn\u00e1men\u00e1 s podmienkami ochrany osobn\u00fdch \u00fadajov a \u017ee ich v celom rozsahu prij\u00edmate<\/p>\n<p><span class=\"Apple-converted-space\">\u00a0 \u00a0 <\/span>8.3.<span class=\"Apple-converted-space\">\u00a0 <\/span>Spr\u00e1vca je opr\u00e1vnen\u00fd tieto podmienky zmeni\u0165. Nov\u00fa verziu podmienok ochrany osobn\u00fdch \u00fadajov zverejn\u00ed na svojich internetov\u00fdch str\u00e1nkach a z\u00e1rove\u0148 V\u00e1m za\u0161le nov\u00fa verziu t\u00fdchto podmienok na Va\u0161u e-mailov\u00fa adresu, ktor\u00fa ste spr\u00e1vcovi poskytol\/la<\/p>\n<p><b> <span class=\"Apple-converted-space\">\u00a0 \u00a0 \u00a0<\/span><\/b><\/p>\n<p>Tieto podmienky nadob\u00fadaj\u00fa \u00fa\u010dinnos\u0165 d\u0148om 25.5.2018<\/p>\n<p>[\/et_pb_blurb][\/et_pb_column][\/et_pb_row][\/et_pb_section]<\/p>\n","protected":false},"excerpt":{"rendered":"<p><div class=\"et_pb_row et_pb_row_0 et_pb_row_empty\">\n\t\t\t\t\n\t\t\t\t\n\t\t\t\t\n\t\t\t\t\n\t\t\t\t\n\t\t\t<\/div> Podmienky ochrany osobn\u00fdch \u00fadajov\u00a0 V pr\u00edpade spracovania osobn\u00fdch \u00fadajov, ktor\u00e9 je zalo\u017een\u00e9 na s\u00fahlase dotknut\u00fdch os\u00f4b pre \u00fa\u010dely zasielania obchodn\u00fdch ozn\u00e1men\u00ed a na \u00fa\u010dely in\u00fdch aktiv\u00edt priameho marketingu internetov\u00e9ho obchodn\u00edka. Ochrana osobn\u00fdch \u00fadajov Osobn\u00fdmi \u00fadajmi sa rozumej\u00fa v\u0161etky inform\u00e1cie o identifikovanej alebo identifikovate\u013enej fyzickej osobe; identifikovate\u013enou fyzickou osobou je fyzick\u00e1 osoba, ktor\u00fa mo\u017eno priamo [&hellip;]<\/p>\n","protected":false},"author":1,"featured_media":0,"parent":0,"menu_order":0,"comment_status":"closed","ping_status":"closed","template":"","meta":{"_et_pb_use_builder":"on","_et_pb_old_content":"","_et_gb_content_width":"","footnotes":""},"_links":{"self":[{"href":"https:\/\/www.calunenie-eddyart.sk\/index.php?rest_route=\/wp\/v2\/pages\/3591"}],"collection":[{"href":"https:\/\/www.calunenie-eddyart.sk\/index.php?rest_route=\/wp\/v2\/pages"}],"about":[{"href":"https:\/\/www.calunenie-eddyart.sk\/index.php?rest_route=\/wp\/v2\/types\/page"}],"author":[{"embeddable":true,"href":"https:\/\/www.calunenie-eddyart.sk\/index.php?rest_route=\/wp\/v2\/users\/1"}],"replies":[{"embeddable":true,"href":"https:\/\/www.calunenie-eddyart.sk\/index.php?rest_route=%2Fwp%2Fv2%2Fcomments&post=3591"}],"version-history":[{"count":1,"href":"https:\/\/www.calunenie-eddyart.sk\/index.php?rest_route=\/wp\/v2\/pages\/3591\/revisions"}],"predecessor-version":[{"id":3597,"href":"https:\/\/www.calunenie-eddyart.sk\/index.php?rest_route=\/wp\/v2\/pages\/3591\/revisions\/3597"}],"wp:attachment":[{"href":"https:\/\/www.calunenie-eddyart.sk\/index.php?rest_route=%2Fwp%2Fv2%2Fmedia&parent=3591"}],"curies":[{"name":"wp","href":"https:\/\/api.w.org\/{rel}","templated":true}]}}