{"id":68,"date":"2015-01-27T14:18:15","date_gmt":"2015-01-27T13:18:15","guid":{"rendered":"http:\/\/www.calunenie-eddyart.sk\/?page_id=68"},"modified":"2020-07-09T16:43:48","modified_gmt":"2020-07-09T15:43:48","slug":"sedacky","status":"publish","type":"page","link":"https:\/\/www.calunenie-eddyart.sk\/?page_id=68","title":{"rendered":"Seda\u010dky, sedacie s\u00fapravy"},"content":{"rendered":"<p>[et_pb_section fb_built=&#8220;1&#8243; fullwidth=&#8220;on&#8220; custom_padding_last_edited=&#8220;on|desktop&#8220; admin_label=&#8220;section&#8220; _builder_version=&#8220;3.22&#8243; background_color=&#8220;rgba(255,255,255,0)&#8220; custom_padding_tablet=&#8220;50px|0|50px|0&#8243; custom_padding_phone=&#8220;&#8220; transparent_background=&#8220;on&#8220; padding_mobile=&#8220;off&#8220; make_fullwidth=&#8220;off&#8220; use_custom_width=&#8220;off&#8220; width_unit=&#8220;on&#8220;][et_pb_fullwidth_slider show_arrows=&#8220;off&#8220; show_pagination=&#8220;off&#8220; show_cta_on_mobile=&#8220;off&#8220; show_image_video_mobile=&#8220;on&#8220; admin_label=&#8220;seda\u010dky&#8220; _builder_version=&#8220;3.16&#8243; header_line_height=&#8220;2em&#8220; body_line_height=&#8220;2em&#8220; parallax=&#8220;on&#8220; parallax_method=&#8220;on&#8220; custom_padding=&#8220;200||150|&#8220; custom_padding_tablet=&#8220;|||&#8220; custom_padding_phone=&#8220;|||&#8220; box_shadow_style=&#8220;preset6&#8243; box_shadow_blur=&#8220;10px&#8220; box_shadow_color=&#8220;rgba(0,0,0,0.1)&#8220; top_padding=&#8220;200&#8243; bottom_padding=&#8220;150&#8243; remove_inner_shadow=&#8220;off&#8220; hide_content_on_mobile=&#8220;off&#8220; hide_cta_on_mobile=&#8220;on&#8220; show_inner_shadow=&#8220;on&#8220; button_letter_spacing_hover=&#8220;0&#8243; button_text_size__hover_enabled=&#8220;off&#8220; button_one_text_size__hover_enabled=&#8220;off&#8220; button_two_text_size__hover_enabled=&#8220;off&#8220; button_text_color__hover_enabled=&#8220;off&#8220; button_one_text_color__hover_enabled=&#8220;off&#8220; button_two_text_color__hover_enabled=&#8220;off&#8220; button_border_width__hover_enabled=&#8220;off&#8220; button_one_border_width__hover_enabled=&#8220;off&#8220; button_two_border_width__hover_enabled=&#8220;off&#8220; button_border_color__hover_enabled=&#8220;off&#8220; button_one_border_color__hover_enabled=&#8220;off&#8220; button_two_border_color__hover_enabled=&#8220;off&#8220; button_border_radius__hover_enabled=&#8220;off&#8220; button_one_border_radius__hover_enabled=&#8220;off&#8220; button_two_border_radius__hover_enabled=&#8220;off&#8220; button_letter_spacing__hover_enabled=&#8220;on&#8220; button_letter_spacing__hover=&#8220;0&#8243; button_one_letter_spacing__hover_enabled=&#8220;off&#8220; button_two_letter_spacing__hover_enabled=&#8220;off&#8220; button_bg_color__hover_enabled=&#8220;off&#8220; button_one_bg_color__hover_enabled=&#8220;off&#8220; button_two_bg_color__hover_enabled=&#8220;off&#8220;][et_pb_slide heading=&#8220;S NAMI SA VA\u0160E PO\u017dIADAVKY MENIA NA SKUTO\u010cNOS\u0164&#8220; _builder_version=&#8220;3.16&#8243; header_font=&#8220;Open Sans Light||||&#8220; background_color=&#8220;#ffffff&#8220; background_image=&#8220;http:\/\/www.calunenie-eddyart.sk\/eddy\/wp-content\/uploads\/2015\/01\/podstranka-sedacky-vrch1.jpg&#8220; button_icon_placement=&#8220;right&#8220; button_on_hover=&#8220;on&#8220; button_text_size__hover_enabled=&#8220;off&#8220; button_one_text_size__hover_enabled=&#8220;off&#8220; button_two_text_size__hover_enabled=&#8220;off&#8220; button_text_color__hover_enabled=&#8220;off&#8220; button_one_text_color__hover_enabled=&#8220;off&#8220; button_two_text_color__hover_enabled=&#8220;off&#8220; button_border_width__hover_enabled=&#8220;off&#8220; button_one_border_width__hover_enabled=&#8220;off&#8220; button_two_border_width__hover_enabled=&#8220;off&#8220; button_border_color__hover_enabled=&#8220;off&#8220; button_one_border_color__hover_enabled=&#8220;off&#8220; button_two_border_color__hover_enabled=&#8220;off&#8220; button_border_radius__hover_enabled=&#8220;off&#8220; button_one_border_radius__hover_enabled=&#8220;off&#8220; button_two_border_radius__hover_enabled=&#8220;off&#8220; button_letter_spacing__hover_enabled=&#8220;off&#8220; button_one_letter_spacing__hover_enabled=&#8220;off&#8220; button_two_letter_spacing__hover_enabled=&#8220;off&#8220; button_bg_color__hover_enabled=&#8220;off&#8220; button_one_bg_color__hover_enabled=&#8220;off&#8220; button_two_bg_color__hover_enabled=&#8220;off&#8220;] [\/et_pb_slide][\/et_pb_fullwidth_slider][\/et_pb_section][et_pb_section fb_built=&#8220;1&#8243; admin_label=&#8220;section&#8220; _builder_version=&#8220;3.22&#8243; background_color=&#8220;#f9f9f9&#8243; parallax=&#8220;on&#8220; parallax_method=&#8220;off&#8220; transparent_background=&#8220;off&#8220;][et_pb_row admin_label=&#8220;row&#8220; _builder_version=&#8220;3.25&#8243; background_size=&#8220;initial&#8220; background_position=&#8220;top_left&#8220; background_repeat=&#8220;repeat&#8220;][et_pb_column type=&#8220;4_4&#8243; _builder_version=&#8220;3.25&#8243; custom_padding=&#8220;|||&#8220; custom_padding__hover=&#8220;|||&#8220;][et_pb_text _builder_version=&#8220;3.27.4&#8243; text_font_size=&#8220;21&#8243; text_line_height=&#8220;2em&#8220; background_size=&#8220;initial&#8220; background_position=&#8220;top_left&#8220; background_repeat=&#8220;repeat&#8220; text_orientation=&#8220;center&#8220; module_alignment=&#8220;center&#8220; custom_padding=&#8220;||20|&#8220; use_border_color=&#8220;off&#8220; border_color=&#8220;#ffffff&#8220; border_style=&#8220;solid&#8220;]<\/p>\n<h1 style=\"text-align: center; padding-left: 30px;\"><span style=\"color: #656565;\">KO\u017dEN\u00c9 A L\u00c1TKOV\u00c9 SEDA\u010cKY, SEDACIE S\u00daPRAVY<\/span><\/h1>\n<p>[\/et_pb_text][et_pb_divider color=&#8220;#b5b5b5&#8243; divider_position=&#8220;bottom&#8220; disabled_on=&#8220;on|on|off&#8220; _builder_version=&#8220;3.23.4&#8243; height=&#8220;20px&#8220; hide_on_mobile=&#8220;on&#8220;]&nbsp;<br \/>\n[\/et_pb_divider][\/et_pb_column][\/et_pb_row][et_pb_row column_structure=&#8220;1_2,1_2&#8243; admin_label=&#8220;row&#8220; _builder_version=&#8220;3.25&#8243; background_size=&#8220;initial&#8220; background_position=&#8220;top_left&#8220; background_repeat=&#8220;repeat&#8220;][et_pb_column type=&#8220;1_2&#8243; _builder_version=&#8220;3.25&#8243; custom_padding=&#8220;|||&#8220; custom_padding__hover=&#8220;|||&#8220;][et_pb_divider show_divider=&#8220;off&#8220; disabled_on=&#8220;on|on|off&#8220; _builder_version=&#8220;3.23.4&#8243; height=&#8220;0px&#8220; hide_on_mobile=&#8220;on&#8220;]&nbsp;<br \/>\n[\/et_pb_divider][et_pb_image src=&#8220;http:\/\/www.calunenie-eddyart.sk\/eddy\/wp-content\/uploads\/2015\/01\/osekane-sedacka.png&#8220; align_tablet=&#8220;center&#8220; align_phone=&#8220;&#8220; align_last_edited=&#8220;on|desktop&#8220; admin_label=&#8220;Image&#8220; _builder_version=&#8220;3.23&#8243; animation_style=&#8220;slide&#8220; animation_direction=&#8220;left&#8220; animation_duration=&#8220;500ms&#8220; animation_intensity_slide=&#8220;10%&#8220; animation=&#8220;left&#8220; sticky=&#8220;off&#8220;]&nbsp;<br \/>\n[\/et_pb_image][\/et_pb_column][et_pb_column type=&#8220;1_2&#8243; _builder_version=&#8220;3.25&#8243; custom_padding=&#8220;|||&#8220; custom_padding__hover=&#8220;|||&#8220;][et_pb_text _builder_version=&#8220;3.27.4&#8243; background_size=&#8220;initial&#8220; background_position=&#8220;top_left&#8220; background_repeat=&#8220;repeat&#8220;]<\/p>\n<h2><span style=\"color: #656565;\">Profesion\u00e1lne \u010dal\u00fanenie seda\u010diek a sedac\u00edch s\u00faprav <\/span><\/h2>\n<p>[\/et_pb_text][et_pb_divider color=&#8220;#b5b5b5&#8243; disabled_on=&#8220;on|on|off&#8220; _builder_version=&#8220;3.23.4&#8243; height=&#8220;30px&#8220; hide_on_mobile=&#8220;on&#8220;]&nbsp;<br \/>\n[\/et_pb_divider][et_pb_text _builder_version=&#8220;3.27.4&#8243; background_size=&#8220;initial&#8220; background_position=&#8220;top_left&#8220; background_repeat=&#8220;repeat&#8220; use_border_color=&#8220;off&#8220; border_color=&#8220;#ffffff&#8220; border_style=&#8220;solid&#8220;]<\/p>\n<h4><span style=\"color: #656565;\">V\u00fdroba aj na mieru, \u010dal\u00fanenie atypov.<\/span><\/h4>\n<h4><span style=\"color: #656565;\">Pr\u00ed\u010fte a vyberte si materi\u00e1l, typ, rozmery. V\u0161etko pod\u013ea<\/span><\/h4>\n<h4><span style=\"color: #656565;\">Va\u0161ich predst\u00e1v \u2026<\/span><\/h4>\n<h4><span style=\"color: #656565;\">V\u00fdber z najmodernej\u0161\u00edch materi\u00e1lov, od vysokokvalitnej<\/span><\/h4>\n<h4><span style=\"color: #656565;\">l\u00e1tky, a\u017e po luxusn\u00fa ko\u017eu.<\/span><\/h4>\n<h4><span style=\"color: #656565;\">Mo\u017enos\u0165 v\u00fdroby aj funk\u010dn\u00fdch, roz\u0165ahovac\u00edch, rohov\u00fdch <\/span><\/h4>\n<h4><span style=\"color: #656565;\">sedac\u00edch s\u00faprav.<\/span><\/h4>\n<h4><span style=\"color: #656565;\">Opravy a renov\u00e1cie \u010dal\u00fanen\u00e9ho n\u00e1bytku, seda\u010diek,<\/span><\/h4>\n<h4><span style=\"color: #656565;\">lav\u00edc, stoli\u010diek ak\u00e9hoko\u013evek typu.<\/span><\/h4>\n<p>[\/et_pb_text][\/et_pb_column][\/et_pb_row][et_pb_row admin_label=&#8220;row&#8220; _builder_version=&#8220;3.25&#8243; background_size=&#8220;initial&#8220; background_position=&#8220;top_left&#8220; background_repeat=&#8220;repeat&#8220;][et_pb_column type=&#8220;4_4&#8243; _builder_version=&#8220;3.25&#8243; custom_padding=&#8220;|||&#8220; custom_padding__hover=&#8220;|||&#8220;][et_pb_divider color=&#8220;#d8d8d8&#8243; disabled_on=&#8220;on|on|off&#8220; admin_label=&#8220;Divider&#8220; _builder_version=&#8220;3.2&#8243;]&nbsp;<br \/>\n[\/et_pb_divider][\/et_pb_column][\/et_pb_row][et_pb_row column_structure=&#8220;1_2,1_2&#8243; padding_mobile=&#8220;off&#8220; column_padding_mobile=&#8220;on&#8220; admin_label=&#8220;row&#8220; _builder_version=&#8220;3.25&#8243; background_size=&#8220;initial&#8220; background_position=&#8220;top_left&#8220; background_repeat=&#8220;repeat&#8220; make_fullwidth=&#8220;off&#8220; use_custom_width=&#8220;off&#8220; width_unit=&#8220;on&#8220;][et_pb_column type=&#8220;1_2&#8243; _builder_version=&#8220;3.25&#8243; custom_padding=&#8220;|||&#8220; custom_padding__hover=&#8220;|||&#8220;][et_pb_text _builder_version=&#8220;3.27.4&#8243; background_size=&#8220;initial&#8220; background_position=&#8220;top_left&#8220; background_repeat=&#8220;repeat&#8220; use_border_color=&#8220;off&#8220; border_color=&#8220;#ffffff&#8220; border_style=&#8220;solid&#8220;]<\/p>\n<h4><span style=\"color: #656565;\">Flexibilita a odborn\u00e9 poradenstvo odborn\u00edkov <\/span><\/h4>\n<h4><span style=\"color: #656565;\">s viac ako 15 \u00a0ro\u010dnou praxou.<\/span><\/h4>\n<h4><span style=\"color: #656565;\">Komunik\u00e1cia zo z\u00e1kazn\u00edkom po\u010das v\u00fdroby.<\/span><\/h4>\n<h4><span style=\"color: #656565;\">Mo\u017enos\u0165\u00a0otestova\u0165 si komfort, \u010di spokojnos\u0165 so seden\u00edm.<\/span><\/h4>\n<h4><span style=\"color: #656565;\">Kvalita a cenov\u00e1 dostupnos\u0165.<\/span><\/h4>\n<h4><span style=\"color: #656565;\">U n\u00e1s vyhovieme ka\u017ed\u00e9mu.<\/span><\/h4>\n<h4><span style=\"color: #656565;\">Nav\u0161t\u00edvte n\u00e1s s Va\u0161imi po\u017eiadavkami, predstavami <\/span><\/h4>\n<h4><span style=\"color: #656565;\">a n\u00e1padmi.<\/span><\/h4>\n<p>[\/et_pb_text][et_pb_image src=&#8220;http:\/\/www.calunenie-eddyart.sk\/eddy\/wp-content\/uploads\/2015\/01\/sedacka-blava-01.png&#8220; show_in_lightbox=&#8220;on&#8220; show_bottom_space=&#8220;off&#8220; align=&#8220;center&#8220; align_tablet=&#8220;center&#8220; align_phone=&#8220;&#8220; align_last_edited=&#8220;on|desktop&#8220; admin_label=&#8220;suprava blava&#8220; _builder_version=&#8220;3.23&#8243; animation_style=&#8220;slide&#8220; animation_direction=&#8220;left&#8220; animation_duration=&#8220;500ms&#8220; animation_intensity_slide=&#8220;10%&#8220; use_border_color=&#8220;off&#8220; border_color=&#8220;#ffffff&#8220; border_style=&#8220;solid&#8220; animation=&#8220;left&#8220; sticky=&#8220;on&#8220; always_center_on_mobile=&#8220;on&#8220;]&nbsp;<br \/>\n[\/et_pb_image][\/et_pb_column][et_pb_column type=&#8220;1_2&#8243; _builder_version=&#8220;3.25&#8243; custom_padding=&#8220;|||&#8220; custom_padding__hover=&#8220;|||&#8220;][et_pb_image src=&#8220;http:\/\/www.calunenie-eddyart.sk\/eddy\/wp-content\/uploads\/2015\/01\/osekane-lampa.png&#8220; align_tablet=&#8220;center&#8220; align_phone=&#8220;&#8220; align_last_edited=&#8220;on|desktop&#8220; admin_label=&#8220;Image&#8220; _builder_version=&#8220;3.23&#8243; animation_style=&#8220;slide&#8220; animation_direction=&#8220;left&#8220; animation_duration=&#8220;500ms&#8220; animation_intensity_slide=&#8220;10%&#8220; use_border_color=&#8220;off&#8220; border_color=&#8220;#ffffff&#8220; border_style=&#8220;solid&#8220; animation=&#8220;left&#8220; sticky=&#8220;off&#8220; always_center_on_mobile=&#8220;on&#8220;]&nbsp;<br \/>\n[\/et_pb_image][\/et_pb_column][\/et_pb_row][et_pb_row admin_label=&#8220;row&#8220; _builder_version=&#8220;3.25&#8243; background_size=&#8220;initial&#8220; background_position=&#8220;top_left&#8220; background_repeat=&#8220;repeat&#8220;][et_pb_column type=&#8220;4_4&#8243; _builder_version=&#8220;3.25&#8243; custom_padding=&#8220;|||&#8220; custom_padding__hover=&#8220;|||&#8220;][et_pb_text _builder_version=&#8220;3.27.4&#8243; background_size=&#8220;initial&#8220; background_position=&#8220;top_left&#8220; background_repeat=&#8220;repeat&#8220; background_layout=&#8220;dark&#8220;]<\/p>\n<h6><span style=\"color: #f9f9f9;\">\u010dal\u00fanen\u00e9 sedacie s\u00fapravy, luxusn\u00e9, ko\u017een\u00e9 sedacie s\u00fapravy, l\u00e1tkov\u00e9 seda\u010dky, modern\u00e9, sedacie s\u00fapravy a seda\u010dky na mieru, roz\u0165ahovacie seda\u010dky, rozkladacie sedacie s\u00fapravy, seda\u010dky s \u00falo\u017en\u00fdm priestorom, funk\u010dn\u00e9 sedacie s\u00fapravy, komfortn\u00e9 seda\u010dky, \u010dal\u00fanen\u00e9, \u010dal\u00fanenie Prievidza, \u010dal\u00fannictvo, slovensk\u00e9 sedacie s\u00fapravy,<\/span><\/h6>\n<p>[\/et_pb_text][\/et_pb_column][\/et_pb_row][\/et_pb_section][et_pb_section fb_built=&#8220;1&#8243; inner_shadow=&#8220;on&#8220; admin_label=&#8220;section&#8220; _builder_version=&#8220;3.22&#8243; background_color=&#8220;#f2f2f2&#8243; transparent_background=&#8220;off&#8220;][et_pb_row admin_label=&#8220;row&#8220; _builder_version=&#8220;3.25&#8243; background_size=&#8220;initial&#8220; background_position=&#8220;top_left&#8220; background_repeat=&#8220;repeat&#8220;][et_pb_column type=&#8220;4_4&#8243; _builder_version=&#8220;3.25&#8243; custom_padding=&#8220;|||&#8220; custom_padding__hover=&#8220;|||&#8220;][et_pb_text _builder_version=&#8220;3.27.4&#8243; background_size=&#8220;initial&#8220; background_position=&#8220;top_left&#8220; background_repeat=&#8220;repeat&#8220; text_orientation=&#8220;center&#8220; module_alignment=&#8220;center&#8220;]<\/p>\n<h2 style=\"text-align: center;\"><a href=\"http:\/\/www.calunenie-eddyart.sk\/?project=sedacky\"><span style=\"color: #656565;\">Ko\u017een\u00e9 a l\u00e1tkov\u00e9 seda\u010dky a sedacie s\u00fapravy\u00a0v na\u0161ej gal\u00e9rii<\/span><\/a><\/h2>\n<p>[\/et_pb_text][\/et_pb_column][\/et_pb_row][et_pb_row column_structure=&#8220;2_3,1_3&#8243; admin_label=&#8220;row&#8220; _builder_version=&#8220;3.25&#8243; background_size=&#8220;initial&#8220; background_position=&#8220;top_left&#8220; background_repeat=&#8220;repeat&#8220;][et_pb_column type=&#8220;2_3&#8243; _builder_version=&#8220;3.25&#8243; custom_padding=&#8220;|||&#8220; custom_padding__hover=&#8220;|||&#8220;][et_pb_image src=&#8220;http:\/\/www.calunenie-eddyart.sk\/eddy\/wp-content\/uploads\/2015\/01\/sipka-sedacky-do-prava.png&#8220; url=&#8220;http:\/\/www.calunenie-eddyart.sk\/?project=sedacky&#8220; url_new_window=&#8220;on&#8220; align_tablet=&#8220;center&#8220; align_phone=&#8220;&#8220; align_last_edited=&#8220;on|desktop&#8220; admin_label=&#8220;Sipka sedacky&#8220; _builder_version=&#8220;3.23&#8243; animation_style=&#8220;slide&#8220; animation_direction=&#8220;left&#8220; animation_duration=&#8220;500ms&#8220; animation_intensity_slide=&#8220;10%&#8220;]&nbsp;<br \/>\n[\/et_pb_image][\/et_pb_column][et_pb_column type=&#8220;1_3&#8243; _builder_version=&#8220;3.25&#8243; custom_padding=&#8220;|||&#8220; custom_padding__hover=&#8220;|||&#8220;][et_pb_portfolio fullwidth=&#8220;off&#8220; posts_number=&#8220;15&#8243; include_categories=&#8220;7&#8243; show_title=&#8220;off&#8220; show_categories=&#8220;off&#8220; zoom_icon_color=&#8220;#4f4f4f&#8220; admin_label=&#8220;Portfolio&#8220; _builder_version=&#8220;4.0.10&#8243; background_image=&#8220;https:\/\/www.calunenie-eddyart.sk\/eddy\/wp-content\/uploads\/2015\/03\/Karin-OK-300&#215;133.jpg&#8220; background_size=&#8220;initial&#8220; background_position=&#8220;top_left&#8220; background_repeat=&#8220;repeat&#8220; box_shadow_style_image=&#8220;preset1&#8243;]&nbsp;<br \/>\n[\/et_pb_portfolio][\/et_pb_column][\/et_pb_row][\/et_pb_section][et_pb_section fb_built=&#8220;1&#8243; custom_padding_last_edited=&#8220;on|desktop&#8220; _builder_version=&#8220;4.0.10&#8243; use_background_color_gradient=&#8220;on&#8220; background_color_gradient_start=&#8220;#7c24b7&#8243; background_color_gradient_end=&#8220;#2426ad&#8220; background_color_gradient_type=&#8220;radial&#8220; background_color_gradient_start_position=&#8220;31%&#8220; background_enable_image=&#8220;off&#8220; background_size=&#8220;contain&#8220; custom_padding_tablet=&#8220;50px|0|50px|0&#8243; custom_padding_phone=&#8220;&#8220; transparent_background=&#8220;off&#8220; padding_mobile=&#8220;off&#8220; make_fullwidth=&#8220;off&#8220; use_custom_width=&#8220;off&#8220; width_unit=&#8220;on&#8220;][et_pb_row _builder_version=&#8220;3.25&#8243; background_size=&#8220;initial&#8220; background_position=&#8220;top_left&#8220; background_repeat=&#8220;repeat&#8220;][et_pb_column type=&#8220;4_4&#8243; _builder_version=&#8220;3.25&#8243; custom_padding=&#8220;|||&#8220; custom_padding__hover=&#8220;|||&#8220;][et_pb_cta title=&#8220;Elegantn\u00fd Dizajn&#8220; button_url=&#8220;http:\/\/www.calunenie-eddyart.sk\/?page_id=545&#8243; button_text=&#8220;Kontaktujte n\u00e1s&#8220; _builder_version=&#8220;4.0.10&#8243; header_text_color=&#8220;#ffffff&#8220; header_font_size=&#8220;34px&#8220; body_text_color=&#8220;#ffffff&#8220; use_background_color=&#8220;off&#8220; background_size=&#8220;initial&#8220; background_position=&#8220;top_left&#8220; background_repeat=&#8220;repeat&#8220; hover_enabled=&#8220;0&#8243; use_border_color=&#8220;off&#8220; button_text_size__hover_enabled=&#8220;off&#8220; button_one_text_size__hover_enabled=&#8220;off&#8220; button_two_text_size__hover_enabled=&#8220;off&#8220; button_text_color__hover_enabled=&#8220;off&#8220; button_one_text_color__hover_enabled=&#8220;off&#8220; button_two_text_color__hover_enabled=&#8220;off&#8220; button_border_width__hover_enabled=&#8220;off&#8220; button_one_border_width__hover_enabled=&#8220;off&#8220; button_two_border_width__hover_enabled=&#8220;off&#8220; button_border_color__hover_enabled=&#8220;off&#8220; button_one_border_color__hover_enabled=&#8220;off&#8220; button_two_border_color__hover_enabled=&#8220;off&#8220; button_border_radius__hover_enabled=&#8220;off&#8220; button_one_border_radius__hover_enabled=&#8220;off&#8220; button_two_border_radius__hover_enabled=&#8220;off&#8220; button_letter_spacing__hover_enabled=&#8220;off&#8220; button_one_letter_spacing__hover_enabled=&#8220;off&#8220; button_two_letter_spacing__hover_enabled=&#8220;off&#8220; button_bg_color__hover_enabled=&#8220;off&#8220; button_one_bg_color__hover_enabled=&#8220;off&#8220; button_two_bg_color__hover_enabled=&#8220;off&#8220;]<\/p>\n<p style=\"text-align: center;\">Vychutnajte si Va\u0161u seda\u010dku<\/p>\n<p style=\"text-align: center;\">v\u0161etk\u00fdmi zmyslami &#8230;<\/p>\n<p>[\/et_pb_cta][\/et_pb_column][\/et_pb_row][\/et_pb_section]<\/p>\n","protected":false},"excerpt":{"rendered":"<p>KO\u017dEN\u00c9 A L\u00c1TKOV\u00c9 SEDA\u010cKY, SEDACIE S\u00daPRAVY &nbsp; &nbsp; &nbsp; Profesion\u00e1lne \u010dal\u00fanenie seda\u010diek a sedac\u00edch s\u00faprav &nbsp; V\u00fdroba aj na mieru, \u010dal\u00fanenie atypov. Pr\u00ed\u010fte a vyberte si materi\u00e1l, typ, rozmery. V\u0161etko pod\u013ea Va\u0161ich predst\u00e1v \u2026 V\u00fdber z najmodernej\u0161\u00edch materi\u00e1lov, od vysokokvalitnej l\u00e1tky, a\u017e po luxusn\u00fa ko\u017eu. Mo\u017enos\u0165 v\u00fdroby aj funk\u010dn\u00fdch, roz\u0165ahovac\u00edch, rohov\u00fdch sedac\u00edch s\u00faprav. Opravy a [&hellip;]<\/p>\n","protected":false},"author":1,"featured_media":0,"parent":66,"menu_order":1,"comment_status":"closed","ping_status":"open","template":"","meta":{"_et_pb_use_builder":"on","_et_pb_old_content":"","_et_gb_content_width":"","footnotes":""},"_links":{"self":[{"href":"https:\/\/www.calunenie-eddyart.sk\/index.php?rest_route=\/wp\/v2\/pages\/68"}],"collection":[{"href":"https:\/\/www.calunenie-eddyart.sk\/index.php?rest_route=\/wp\/v2\/pages"}],"about":[{"href":"https:\/\/www.calunenie-eddyart.sk\/index.php?rest_route=\/wp\/v2\/types\/page"}],"author":[{"embeddable":true,"href":"https:\/\/www.calunenie-eddyart.sk\/index.php?rest_route=\/wp\/v2\/users\/1"}],"replies":[{"embeddable":true,"href":"https:\/\/www.calunenie-eddyart.sk\/index.php?rest_route=%2Fwp%2Fv2%2Fcomments&post=68"}],"version-history":[{"count":205,"href":"https:\/\/www.calunenie-eddyart.sk\/index.php?rest_route=\/wp\/v2\/pages\/68\/revisions"}],"predecessor-version":[{"id":3632,"href":"https:\/\/www.calunenie-eddyart.sk\/index.php?rest_route=\/wp\/v2\/pages\/68\/revisions\/3632"}],"up":[{"embeddable":true,"href":"https:\/\/www.calunenie-eddyart.sk\/index.php?rest_route=\/wp\/v2\/pages\/66"}],"wp:attachment":[{"href":"https:\/\/www.calunenie-eddyart.sk\/index.php?rest_route=%2Fwp%2Fv2%2Fmedia&parent=68"}],"curies":[{"name":"wp","href":"https:\/\/api.w.org\/{rel}","templated":true}]}}